56. Suppose m = 3*r + 5*p, 2*p + 1 = -2*r + 3*r. Calculate the remainder when 70 is divided by (37/r)/((-2)/(-6)).
33
Let p(h) = h**3 - 18*h**2 - 173*h - 95. Calculate the remainder when 1176 is divided by p(-6).
70
Suppose -55*o - 2*y = -58*o + 155, 4*y - 207 = -5*o. What is the remainder when 273 is divided by o?
38
Suppose p - 19 = 2*u - 7*u, -5*u + 21 = -p. What is the remainder when 175 is divided by u/(-1) + -5*(-8 - -4)?
15
Suppose 9*j + 10*j - 2793 = 0. Let z = -144 + j. What is the remainder when 17 is divided by z?
2
Suppose 7*c - 4 = -3*o + 3*c, -3*c = 2*o - 3. Calculate the remainder when (o - (-2)/3)/(76/14934) is divided by 22.
21
Suppose 8839 - 6997 = 2*n. Calculate the remainder when n is divided by 5.
1
Suppose 27*j - 14845 - 7340 = -24*j. What is the remainder when j is divided by 78?
45
Suppose -83*g + 237*g = 81004. What is the remainder when 1585 is divided by g?
7
Suppose x + 152 = 4*a, -2*a - 4*x = -0*x - 58. Suppose 88 + 211 + 51 = 5*f. Calculate the remainder when f is divided by a.
33
Suppose 1940*h - 1 = 1951*h - 45. Calculate the remainder when 66/10 + (-4)/(-10) is divided by h.
3
Let v(x) = 2*x**2 + 54*x - 7913. Suppose -2*n + 61 = 5. Calculate the remainder when v(-78) is divided by n.
15
Let d = -1182 + 1671. Calculate the remainder when d is divided by 128.
105
Let g = -13549 + 14876. What is the remainder when g is divided by 331?
3
Let o = 241710 + -241699. Let m(t) = 27*t - 1. What is the remainder when m(4) is divided by o?
8
Let j(g) = g**3 - 4. Let a be j(-2). Let m = a - -83. Let c = 1 - -11. What is the remainder when m is divided by c?
11
Let l(b) = -b**3 + 15*b**2 + 15*b + 20. Let w be l(16). Suppose -6*t - w*t + 310 = 0. What is the remainder when 89 is divided by t?
27
Let p(j) = 28*j**2 - 49*j - 224. What is the remainder when p(-4) is divided by 206?
8
Let l = 2839 - 2811. Calculate the remainder when 10413 is divided by l.
25
What is the remainder when 1590 is divided by 87/1 - (-25 + 18)?
86
Let l = 87 - 75. Let a = l + -51. Let m = a + 80. Calculate the remainder when m is divided by 14.
13
Calculate the remainder when (-108)/(-24) - (-22188)/24 is divided by 51.
11
Calculate the remainder when 5453/3 - (123/9 - (-25 - -39)) is divided by 60.
18
Suppose 0 = -5*n - 2*s + 66, 0*s - s - 45 = -4*n. Suppose -4*y = -24 - 0. Suppose -y*f - 26 = -146. Calculate the remainder when f is divided by n.
8
Let m(a) = -a**2 + 40*a - 162. What is the remainder when m(29) is divided by 59?
39
Suppose 130 = 4*d - 3*p + p, -2*d - 2*p = -74. Let x = 173 - 163. Suppose -n = -3*n + 2*q + x, 2*n = q + 11. What is the remainder when d is divided by n?
4
Suppose p + 4*p - 50 = 0. Let i(y) = -y**2 + 27. Let c be i(0). Let n = c + p. Calculate the remainder when n is divided by 14.
9
Let s(v) = -8*v**3 - 3*v**2 - 3*v - 16. Let f be s(-3). Suppose 0 = 5*b - 10, 5*x + 4*b - 3*b = f. What is the remainder when 106 is divided by x?
34
Let g be 6*-16*(-4)/24. Suppose g*v = 19*v - 27. What is the remainder when v is divided by 5?
4
Let j(p) = -9*p - 65. Let o be j(-11). Suppose 119 = 4*c - 2*l + 21, o = 2*c + 4*l. Let f = 72 - 27. Calculate the remainder when f is divided by c.
22
Let m be -3*(132/(-8) - (-6)/4). Calculate the remainder when 262 is divided by 480/150*m/12.
10
Suppose -2*r = -4, -5*r + 0*r + 18 = 2*x. Suppose -x*g = d - 66, 5*d - 35 - 55 = -5*g. What is the remainder when 37 is divided by g?
5
Suppose -s - 3 = -2*g, 5 = -3*g - 3*s + 23. Suppose 123 = 3*b - g*f, -2*b + 209 = 3*b - 4*f. What is the remainder when b is divided by 15?
0
Let b = 513 - 513. Suppose b = -6*r - 17*r + 391. What is the remainder when r is divided by 6?
5
Let p(t) = 145*t + 3937. Calculate the remainder when p(-26) is divided by 46.
29
Suppose 5*z - 2 = 3, -17 = -5*n + 3*z. Suppose -43 = -q + 2*a, q - 2*q + n*a + 39 = 0. What is the remainder when 516 is divided by q?
46
Let g be 198/5 + 39/(-65). Suppose 3*p + 3*z = -0*p + g, z + 1 = 0. What is the remainder when 125 is divided by p?
13
Let v(m) = m**3 - 74*m**2 - 65*m - 6549. What is the remainder when 94 + (-3)/6*6 is divided by v(76)?
28
Let w be (8/3)/(40/(-660)). Let r be (w/(-6))/(10/(-15)). Let q(v) = -4*v - 2. Calculate the remainder when q(r) is divided by 9.
6
Let f = 595 - 592. Let t(x) = -x + 5. Let w be t(4). Calculate the remainder when 82 is divided by w - (3 - 20 - f).
19
Let i = 7553 - 7371. What is the remainder when i is divided by 55?
17
Let k = 6304 + -5663. Calculate the remainder when k is divided by 59.
51
Let o(g) = g**2 + 27*g + 28. Let p be o(-26). Suppose -32 = -3*k - 2*m + 12, p*k = -4*m + 24. What is the remainder when 429 is divided by k?
13
Suppose -3*o - 2*z + 15 = -1, -10 = -2*z. Suppose -5*v = -o*n - 303, 79*v + 47 = 80*v + 3*n. What is the remainder when v is divided by 4?
3
Suppose -204 = 8*x - 12*x. Suppose -3*r = -4*r - 32. Let g = -14 - r. Calculate the remainder when x is divided by g.
15
Suppose -3*o = -4*b - 8, 6*o + b = 3*o - 2. Let w(i) = 22*i + 335. Calculate the remainder when w(o) is divided by 12.
11
Suppose 0 = -7*y + 9*y - 4*a - 484, y = 3*a + 245. What is the remainder when y is divided by 115?
6
Suppose -3*p + 4*p = 2*i + 35, 5*i + 50 = -5*p. Let j be i/25 + (-24)/10 + 38. Let u = 60 - j. Calculate the remainder when 95 is divided by u.
20
What is the remainder when 265 is divided by 3/(-4 - (-3627)/900)?
65
Suppose -4*g - 29 - 215 = 0. Let z = -56 - g. Let c = 20 - -9. What is the remainder when c is divided by z?
4
Let v = 18 - -19. Suppose -3*h - 44 = -5*y + 16, 3*y - 2*h - v = 0. Let x = 922 - 891. Calculate the remainder when x is divided by y.
4
Suppose -10*f + 6*f - 3*q + 80 = 0, -4*f + 4*q + 80 = 0. What is the remainder when 596 is divided by f?
16
Let x(p) = -p**2 - 9*p + 24. Suppose 9*d - 15 - 21 = 0. What is the remainder when x(-10) is divided by d?
2
Suppose -5*p - 4*s + 30 = -41, 4*s = 2*p - 6. Calculate the remainder when 2011 is divided by p.
9
Let a(w) = -38*w + 2445. What is the remainder when 195 is divided by a(63)?
42
Suppose -10004 + 2797 = -4*n - w, 0 = 3*w + 15. What is the remainder when n is divided by 6?
3
Suppose -1338 = 25*q - 27*q. Let w = q + -382. Calculate the remainder when w is divided by 48.
47
Let l(a) = 20*a - 1. Calculate the remainder when (-2)/7 - 266816/(-308) is divided by l(4).
76
Suppose -5*t + 13*t + 48 = 0. Calculate the remainder when 21 is divided by (t - -3)/(30/(-20)).
1
Let v = -270 + 299. Let p(c) = -c**3 - c**2 + c + 20. Let s be p(0). Suppose -4*f - f = -s. What is the remainder when v is divided by f?
1
Let m = 157 + -153. What is the remainder when 18 is divided by (-12)/m - (-10)/(1 - 0)?
4
Let r(u) be the third derivative of 0 + 14/3*u**3 + 0*u - 1/24*u**4 - 16*u**2. What is the remainder when 69 is divided by r(16)?
9
Let l = 210 - 133. Let h be (-22)/l + 16/7. Suppose 4*i = h*p + 3*p - 50, 2*p + i = 7. What is the remainder when 14 is divided by p?
2
Let f(x) = 3*x - 1. Let a = -395 - -778. Let i = a - 362. Calculate the remainder when i is divided by f(4).
10
Let i be 8*(1 - (1 - 1)). Let y = 9 + i. Let r = y + -10. What is the remainder when 12 is divided by r?
5
Let r(q) = 17*q - 1. Let f be r(2). Let x = 46 - f. What is the remainder when (-34)/(-8) - 4 - 199/(-4) is divided by x?
11
Suppose 3*h - 3*p = 162, 31*p + 174 = 4*h + 34*p. What is the remainder when 909 is divided by h?
45
Suppose 3*j = -4*t + 232 + 77, -3*j + 285 = -4*t. What is the remainder when 164 is divided by j?
65
Let l(p) = -p**2 - 3*p + 16. Suppose o + a + 11 = -2*o, a = -4*o - 16. Let q be l(o). Suppose 56 = q*h - 100. What is the remainder when 101 is divided by h?
23
Suppose -32*m + 7*t + 380 = -31*m, t - 730 = -2*m. What is the remainder when 489 is divided by m?
123
Let k = 1258 - 723. Let b = -524 + k. Calculate the remainder when 18 is divided by b.
7
Suppose -115*s + 111*s = -z + 101, -4*s - 656 = -16*z. Let u = 305 - 50. What is the remainder when u is divided by z?
33
Let j(m) = 3*m**3 - 27*m**2 + 17*m - 139. What is the remainder when 54 - -2 - (1 + 0) is divided by j(9)?
13
Let n(k) be the second derivative of 5*k**3/6 + 95*k**2 - 41*k. Calculate the remainder when 127 is divided by n(-30).
7
Let c(o) = -o**3 + 6*o**2 + 2*o + 2. Let i be (-2 + 4)*-3 - (-1262)/2. Let h = 638 - i. What